32. Let x(j) = 5*a(j) + 2*h(j). What is x(6)?
10
Let j(p) = 3*p - 6. Let v be (-377)/5 - 14/(-35). Let y = 87 + v. Suppose 0 = 3*t - y. Determine j(t).
6
Let f be 14/(-6) + (-6)/9. Let t(q) be the first derivative of q**4/12 + q**3/2 + 3*q**2/2 - 94*q - 4. Let n(z) be the first derivative of t(z). Calculate n(f).
3
Let t(o) = -3*o - 6. Let c = 310 - 292. Suppose -5*y = 2*s, 8*y - 7*y + 4*s = c. Give t(y).
0
Let z(d) be the first derivative of 1/2*d**2 - 4/3*d**3 + 0*d - 4. Determine z(-1).
-5
Let g(t) = -10*t**2 - 36*t + 4 - 3 - 41*t + t**3 - 6 + 74*t. Give g(10).
-35
Let d(n) = n**3 + 49*n**2 - 7*n - 338. Let t be d(-49). Let f(a) be the second derivative of a**3/3 - 9*a**2/2 - a + 13. Calculate f(t).
1
Let w(f) = -2*f**2 + 7*f - 12. Let n(a) = -3*a**2 + 7*a - 10. Let b(y) = 3*n(y) - 4*w(y). Let q(g) be the first derivative of b(g). Give q(-7).
7
Let l(y) be the third derivative of 7*y**6/360 + y**5/60 - y**4/24 + 82*y**3/3 + 101*y**2. Let v(r) be the first derivative of l(r). Give v(1).
8
Let d(w) = w**2 + 9*w + 4. Suppose 0 = 23*i - 29*i + 60. Let a be (5/i)/((-1)/10). Calculate d(a).
-16
Suppose 0 = 3*a + 5*i + 4, -5*i + 21 = -3*a - 23. Let g(z) = -z**2 - 11*z + 5. Determine g(a).
29
Let u(b) = -b**2 - 14*b - 10. Suppose 12*n - 7*n = 0. Suppose 2*v + 22*z = 23*z - 18, -v + 5*z - 9 = n. Determine u(v).
35
Let t(w) = -w**2 + 7*w + 27. Suppose -20 = -x + 5*r, 304 = -x - 3*r + 308. Calculate t(x).
-3
Let x = -16 - -21. Suppose -h + 8 = x. Let p(b) = 5*b**3 - 4*b**3 + 0*b**3 - 3*b - b**2 + 3. What is p(h)?
12
Let d(k) = 63 - 39*k - 27 + 18*k + 0*k - 32. What is d(1)?
-17
Let f(z) = -2*z**2 + z + 2. Let u = 172 - 172. Suppose u = 18*d - 11*d + 14. Determine f(d).
-8
Let p(i) = 4*i**2 - i**2 - i + i**3 + 1 - 5*i**2. Let q(d) be the first derivative of -d**2/2 - 2*d + 25. Let t be q(-3). Determine p(t).
-1
Let w(b) = b + 60. Let l(g) = -4*g - 69. Let v(z) = -3*l(z) - 2*w(z). Give v(-9).
-3
Let d(k) = 3*k + 37. Let r(i) be the second derivative of -i**3 - 38*i**2 + 61*i. Let m(u) = 13*d(u) + 6*r(u). Determine m(-10).
-5
Let o(l) be the first derivative of -9/2*l**2 - 84 - 1/3*l**3 + 4*l. Determine o(-7).
18
Let x(b) be the second derivative of -1/3*b**4 + 0 + 185*b - b**2 + 1/20*b**5 + b**3. Calculate x(5).
53
Let p(w) = w**2 - 3*w - 3. Let s be p(-3). Suppose 0 = -18*c + s*c. Let h(m) = 167 + c*m + m**2 - 158 - 6*m - 5*m. Determine h(10).
-1
Suppose -4*h + 3*h = -0*h - 4. Let i(d) = 14*d - 46. What is i(h)?
10
Let t be (-204)/(-14) + 12/28. Suppose 10 = t*l - 10*l. Let f(n) = -2 + l*n - 53*n**2 + 24*n**2 + 30*n**2 - 2*n**3. Give f(2).
-10
Let a(t) = 5*t**3 + 10*t**2 - 7*t - 3. Let m(y) = 858 - 20*y - 867 + 14*y**3 + 17*y**2 + 12*y**2. Let s(p) = 17*a(p) - 6*m(p). Let w = -7 + 11. Give s(w).
7
Let r(l) = -5*l**3 - 31*l**2 - 7*l - 20. Let o(p) = -6*p**3 - 35*p**2 - 5*p - 20. Let s(z) = 4*o(z) - 5*r(z). Give s(-14).
6
Let p(q) be the third derivative of q**6/120 - 7*q**5/30 + 7*q**4/8 + 3*q**3/2 - 4964*q**2. What is p(12)?
-27
Let y be (-5 + 6 - 2)/((-265)/(-65) + -4). Let l(p) = p**3 + 16*p**2 + 36*p - 39. Determine l(y).
0
Let b(x) = 374*x - 378*x - 17 - 35. Let r be b(-13). Let k(l) = -3 + l + 4 + 3. Give k(r).
4
Let d(t) = -t**2 - t - 1. Let y = -1692 - -1704. Suppose -2*g - 12 = 8. Let x = y + g. What is d(x)?
-7
Let o be (1 + 1 - -4)/1. Let w(m) = -17 - 1216*m - 1225*m + 3667*m - 1223*m. Determine w(o).
1
Let d(x) = 3*x**2 - 7*x + 1. Suppose -2*t - 3*m + 13 = -3*t, -5*m + 15 = 0. Let z(c) = 2*c - 2*c - 4*c**2 + 7*c. Let r(k) = t*z(k) - 5*d(k). Determine r(-8).
3
Let p(c) = -6*c + 33. Let m(n) = 26*n - 131. Let v(a) = 6*m(a) + 25*p(a). Give v(-4).
15
Let r(s) = -67*s**2 + 5*s - 53. Let x(q) = -25*q**2 + 2*q - 20. Let k(v) = 3*r(v) - 8*x(v). Let l be (-50)/8 - (-4)/16. Determine k(l).
-29
Suppose 2*j + 2 = -6, 2*m = -2*j + 18. Let w(a) = a**2 - 11*a - 25. Let z(d) = 2. Let k(p) = -w(p) - 4*z(p). Determine k(m).
-9
Let z = -81 - -81. Suppose t - 3 = -z. Let f(m) = -2*m**2 - t*m + 0*m**2 + 4 + 3*m + 3*m - m**3. Determine f(-3).
4
Let v(y) = 0*y - 2*y - y - 87 + 97 + 13*y - 2*y**2. What is v(6)?
-2
Let d = -811 + 820. Let v(g) be the first derivative of g**2/2 - 2*g + 38. Calculate v(d).
7
Let d(x) = -9*x - 4*x**2 - 4*x**2 - 4 + 9*x**2. Let m(w) = -2*w**2 + 11*w + 3. Let y(c) = -3*d(c) - 2*m(c). Give y(-4).
2
Let s(l) = 156*l - 57*l - 44*l - 53*l. Let n(k) = k**2 + 8*k - 2. Let g be 6*(-4)/18*6. Let d be n(g). Determine s(d).
-4
Suppose 2*c + 4*l = 6*c - 48, -4*c + 33 = -l. Suppose -5*d = -4*j + c, 5*j + 4 = -d + 49. Let w(z) = 2*z**2 - 16*z - 4. What is w(j)?
-4
Let s(r) = r**3 + 5*r**2 - 3*r - 2. Let j(n) = 14*n**2 + 2*n + 45. Let i(w) = -17*w**2 - 3*w - 44. Let p(k) = 5*i(k) + 6*j(k). Let y be p(-9). Give s(y).
26
Let a(v) = v**2 + 9*v + 10. Suppose 344*p = 364*p + 120. What is a(p)?
-8
Let w(z) = 7*z + 8*z**2 - 30*z + 91313 - 35*z**2 - z**3 - 91264. Calculate w(-26).
-29
Let w(u) = u**3 + 3*u**2 + u - 4. Let b(v) = v**3 + 120*v**2 - 6*v - 724. Let q be b(-120). What is w(q)?
-24
Let q(y) = 12 - 135*y + 47*y + 41*y - 2*y**2 + 49*y. Calculate q(5).
-28
Let l(z) = 67 - 19*z**2 + 18*z**2 + 9*z - 74. Let a(c) = -2*c + 2*c - 2*c**2 + 10*c**2 + c. Let t be a(1). Give l(t).
-7
Let n(z) = -66 - 7*z + 31 + 11 + 11*z. What is n(5)?
-4
Let j be (-1)/1*(9 + -7). Let d be j/((-42)/(-225)) + (-2)/7. Let r(k) = k**2 + 11*k - 7. Determine r(d).
-7
Let c(l) be the first derivative of l**6/360 + 11*l**5/60 - 13*l**4/12 - 2*l**3/3 - 48*l**2 + 142. Let k(a) be the third derivative of c(a). What is k(-23)?
-3
Let u(t) be the third derivative of 0*t**3 + 0 - 27*t**2 - 1/30*t**5 + 0*t - 1/24*t**4. What is u(-2)?
-6
Let z(c) be the third derivative of 0*c + 1/2*c**3 - 35*c**2 - 1/24*c**4 + 0. Determine z(-8).
11
Suppose -13*q + 2 = -11*q. Suppose -2*b + q = x - 0, 0 = -x - 3*b + 3. Let y be (-6)/(-2*x/4). Let a(l) = -2*l**2 - 4*l - 5. Determine a(y).
-21
Let k(v) = v**2 - v - 7. Let f = -70 - -72. Suppose 2*z + f*i = 7 + 5, 5*i = -z + 14. Let p be 2 - 3/6*z. What is k(p)?
-7
Let g(n) be the first derivative of n**5/30 - n**4/6 + n**3/2 - 64*n**2 + 54. Let v(h) be the second derivative of g(h). Calculate v(4).
19
Let g(n) = -n**3 - 5*n**2 - 2*n - 1. Suppose b - 9 = -7. Suppose -r - 12 = -4*x, 4*r - 3*x + b = -7. Suppose -3*j + 3*c = r, 2*c - 3 = 5*j - 2*c. What is g(j)?
-13
Let m(w) = 4*w + 363. Let y be m(-90). Let h(x) = x**3 - 5*x**2 + x. Calculate h(y).
-15
Suppose -2*h = 3*b - 0*b + 19, 0 = 4*h + b + 13. Suppose 4*k + 707 = 3*d, k + 0*k - 1186 = -5*d. Let j(v) = -234 - 2*v**2 + d + v + 2*v. Give j(h).
-11
Let z(b) = 17*b - 14. Let k(y) = -y**2 - 61*y + 193. Let n be k(-64). Calculate z(n).
3
Let u(w) be the first derivative of -w**4/4 + 20*w**3/3 - 3*w**2/2 + 49*w - 8192. Determine u(20).
-11
Suppose -1 - 3 = 4*z - 2*p, 2*p = 3*z + 5. Suppose -4*r = -2*b + 12, b - 3*b = 4*r - 28. Let x(v) = 6*v + b*v + 3*v - 23*v. Give x(z).
-4
Let c(w) = -w**2 - 9*w - 9. Suppose 8 = -14*z + 18*z. Suppose 0 = -4*k + 4*x - 16, -k + 6*x + 8 = z*x. Calculate c(k).
-1
Let r(s) = 2*s + 1. Suppose 0 = -4*t + 24 - 0. Suppose -t*z = -5 - 7. What is r(z)?
5
Let i(z) = -z**2 + 3*z - 3. Let n be i(2). Suppose 7*h + h - 864 = 0. Let d(q) = -53*q + 1 - 53*q + h*q. Give d(n).
-1
Let t(d) = -d**3 - d**2 + 4*d - 2. Suppose 44 = -3*o + 83. Suppose -3*n + 41 = -o. Suppose f = 4*s - 15, 2*s + s - 3*f = n. Give t(s).
-26
Let p(t) be the first derivative of -t**7/840 + 7*t**6/360 + t**5/60 - t**4/4 + 4*t**3/3 + t**2 + 74. Let w(c) be the third derivative of p(c). What is w(7)?
8
Suppose 18*p - 4 = 17*p. Suppose 20 = -p*z - 92. Let o = 28 + z. Let b(d) = d**2 + 19. Calculate b(o).
19
Let x(y) be the third derivative of -y**5/60 - 17*y**4/24 + 11*y**3/3 - 2*y**2 + 494*y + 2. What is x(2)?
-16
Let i = 130 + -125. Let y(n) = i*n + 0*n + 11 - 4*n - 19. Determine y(8).
0
Let x be 88/3 - 8/(-12). Let n be x/(-105) + 19/(-7). Let z(c) = 2*c**2 + 68*c - 2. Let a(l) = l**2 + 23*l - 1. Let w(g) = 3*a(g) - z(g). Give w(n).
5
Let g(b) = 2*b + 15. Let t be g(-5). Let q(n) = 3*n**2 + 3*n**3 + n**3 - t - 3*n**3 - 7*n. Let w = 14 - 18. Give q(w).
7
Let z(y) = -y + 17. Let r(a) = -2*a + 29. Let o(h) = -2*r(h) + z(h). What is o(15)?
4
Let z(y) = -2*y + 12. Let r(p) = 2*p**2 - 24*p + 75. Let a be r(5). Let d be z(a). 